base 14) in base 2?
-101001
Convert 11 (base 4) to base 11.
5
Convert -11 (base 4) to base 13.
-5
What is 2 (base 16) in base 8?
2
Convert 10 (base 5) to base 10.
5
30 (base 4) to base 14
c
Convert -1043 (base 5) to base 15.
-9d
Convert 5 (base 7) to base 6.
5
Convert -2222 (base 3) to base 7.
-143
2313 (base 4) to base 11
157
Convert 22 (base 8) to base 5.
33
Convert 10100110 (base 2) to base 8.
246
What is -455 (base 8) in base 4?
-10231
What is 0 (base 7) in base 15?
0
-3d (base 16) to base 7
-115
Convert -1010 (base 6) to base 11.
-192
What is 3 (base 4) in base 10?
3
What is 11011 (base 3) in base 7?
220
-214 (base 12) to base 7
-613
-5 (base 13) to base 2
-101
Convert 0 (base 8) to base 13.
0
Convert -3 (base 11) to base 5.
-3
-52 (base 12) to base 8
-76
What is -10 (base 3) in base 12?
-3
1011 (base 2) to base 3
102
What is -102100 (base 3) in base 5?
-2211
What is -30 (base 7) in base 2?
-10101
Convert 216 (base 7) to base 5.
421
What is 23 (base 13) in base 15?
1e
-13 (base 6) to base 14
-9
Convert 15 (base 11) to base 13.
13
1 (base 13) to base 6
1
305 (base 6) to base 10
113
Convert -2 (base 3) to base 2.
-10
Convert b (base 14) to base 2.
1011
-10 (base 3) to base 6
-3
-5 (base 13) to base 8
-5
What is -1 (base 9) in base 15?
-1
What is -310 (base 5) in base 13?
-62
What is -13 (base 15) in base 2?
-10010
5 (base 10) to base 6
5
11211 (base 3) to base 12
aa
32 (base 6) to base 2
10100
Convert 3 (base 13) to base 12.
3
Convert 541 (base 8) to base 4.
11201
What is 3 (base 4) in base 12?
3
9 (base 16) to base 6
13
-2 (base 7) to base 14
-2
-26 (base 10) to base 16
-1a
Convert -2 (base 5) to base 6.
-2
Convert -40 (base 12) to base 10.
-48
Convert 22 (base 12) to base 2.
11010
8 (base 12) to base 4
20
8 (base 14) to base 3
22
Convert -13 (base 13) to base 2.
-10000
Convert -48 (base 14) to base 8.
-100
What is -4 (base 14) in base 6?
-4
2 (base 7) to base 11
2
1 (base 15) to base 4
1
-2 (base 16) to base 8
-2
What is -3 (base 5) in base 14?
-3
What is 22 (base 13) in base 16?
1c
59 (base 11) to base 13
4c
What is -131 (base 4) in base 9?
-32
Convert 21 (base 12) to base 6.
41
-88 (base 9) to base 11
-73
Convert -1 (base 7) to base 14.
-1
What is -4 (base 12) in base 10?
-4
Convert 1 (base 11) to base 4.
1
1 (base 13) to base 3
1
Convert -34 (base 7) to base 5.
-100
-12 (base 8) to base 7
-13
-22 (base 4) to base 16
-a
13 (base 5) to base 10
8
What is 102 (base 4) in base 16?
12
What is -1121 (base 3) in base 7?
-61
Convert -12 (base 13) to base 4.
-33
What is -231 (base 5) in base 11?
-60
Convert -8b (base 15) to base 4.
-2003
What is 63 (base 15) in base 7?
162
Convert -23 (base 16) to base 6.
-55
What is 3 (base 10) in base 16?
3
What is 122 (base 3) in base 14?
13
-100111 (base 2) to base 12
-33
Convert -12 (base 6) to base 8.
-10
Convert -10 (base 2) to base 3.
-2
Convert -11 (base 2) to base 16.
-3
Convert -33 (base 4) to base 10.
-15
-133 (base 5) to base 15
-2d
-125 (base 6) to base 15
-38
What is -121 (base 8) in base 6?
-213
What is 3a (base 13) in base 15?
34
-2122 (base 3) to base 15
-4b
-32 (base 12) to base 7
-53
0 (base 8) to base 14
0
-1301 (base 4) to base 7
-221
Convert 2b (base 14) to base 5.
124
-3 (base 13) to base 8
-3
Convert -2 (base 13) to base 3.
-2
What is -24 (base 16) in base 2?
-100100
Convert 21 (base 14) to base 11.
27
Convert c (base 15) to base 16.
c
221 (base 3) to base 15
1a
21 (base 3) to base 10
7
-2 (base 5) to base 2
-10
What is 5 (base 10) in base 14?
5
What is -b1 (base 12) in base 13?
-a3
What is 14 (base 13) in base 10?
17
What is -7 (base 14) in base 2?
-111
Convert -32 (base 4) to base 9.
-15
Convert -3 (base 7) to base 13.
-3
Convert 151 (base 14) to base 15.
12c
What is 102 (base 5) in base 12?
23
Convert -5 (base 13) to base 15.
-5
87 (base 13) to base 11
a1
-4 (base 13) to base 4
-10
What is 12 (base 11) in base 9?
14
Convert -3 (base 12) to base 11.
-3
Convert -3 (base 6) to base 13.
-3
Convert -4 (base 7) to base 9.
-4
What is c (base 15) in base 3?
110
-d (base 14) to base 5
-23
-10 (base 10) to base 8
-12
What is -94 (base 15) in base 13?
-a9
-b5 (base 14) to base 7
-315
8d (base 15) to base 3
11221
What is 20 (base 5) in base 11?
a
Convert 2 (base 3) to base 16.
2
3 (base 8) to base 3
10
0 (base 7) to base 5
0
What is -3 (base 4) in base 7?
-3
What is 0 (base 10) in base 8?
0
Convert -16 (base 8) to base 2.
-1110
Convert -4 (base 6) to base 14.
-4
Convert -11310 (base 4) to base 9.
-453
-1 (base 15) to base 7
-1
-4 (base 12) to base 7
-4
Convert 1011101 (base 2) to base 16.
5d
-3 (base 7) to base 12
-3
-12 (base 4) to base 7
-6
Convert 0 (base 9) to base 16.
0
What is 9 (base 15) in base 3?
100
What is 12 (base 5) in base 15?
7
-3 (base 4) to base 15
-3
1100 (base 2) to base 4
30
Convert 102 (base 3) to base 7.
14
What is 302 (base 4) in base 10?
50
What is 24 (base 7) in base 5?
33
What is 1a (base 14) in base 6?
40
Convert -24 (base 10) to base 2.
-11000
What is 59 (base 11) in base 7?
121
-311 (base 9) to base 7
-511
What is -1 (base 6) in base 7?
-1
Convert 123 (base 5) to base 15.
28
Convert -245 (base 8) to base 10.
-165
2 (base 7) to base 11
2
What is -2021 (base 3) in base 11?
-56
What is 154 (base 7) in base 9?
107
38 (base 13) to base 4
233
Convert 1 (base 3) to base 13.
1
What is -5 (base 6) in base 3?
-12
-12 (base 12) to base 8
-16
What is -2 (base 14) in base 6?
-2
What is 1 (base 11) in base 3?
1
-1 (base 12) to base 8
-1
Convert 101 (base 10) to base 5.
401
Convert -70 (base 8) to base 10.
-56
What is -68 (base 9) in base 3?
-2022
Convert 7 (base 12) to base 15.
7
Convert -b (base 13) to base 7.
-14
What is 27 (base 11) in base 4?
131
What is 4 (base 10) in base 6?
4
Convert 1 (base 5) to base 2.
1
Convert -1 (base 16) to base 5.
-1
Convert -11 (base 5) to base 8.
-6
What is 2 (base 4) in base 11?
2
What is -3 (base 5) in base 16?
-3
What is -2 (base 12) in base 8?
-2
What is 0 (base 13) in base 9?
0
What is 5 (base 8) in base 14?
5
What is 2 (base 13) in base 8?
2
What is -2 (base 16) in base 10?
-2
-46 (base 7) to base 13
-28
What is -3 (base 7) in base 9?
-3
10001 (base 2) to base 6
25
-25 (base 14) to base 13
-27
Convert 14 (base 13) to base 3.
122
-12 (base 14) to base 6
-24
What is 2 (base 9) in base 2?
10
Convert -16 (base 15) to base 12.
-19
-13 (base 6) to base 12
-9
What is -2 (base 10) in base 16?
-2
-17 (base 10) to base 14
-13
What is 101 (base 4) in base 15?
12
3 (base 4) to base 12
3
What is -12221 (base 3) in base 16?
-a0
What is -8 (base 10) in base 14?
-8
Convert 10 (base 6) to base 9.
6
Convert 10 (base 2) to base 16.
2
Convert -19 (base 11) to base 13.
-17
13 (base 5) to base 11
8
What is 1 (base 9) in base 13?
1
25 (base 16) to base 14
29
Convert -2 (base 7) to base 4.
-2
Convert c (base 14) to base 5.
22
Convert 3 (base 6) to base 9.
3
What is -1 (base 4) in base 16?
-1
-10 (base 15) to base 16
-f
What is -451 (base 9) in base 2?
-101110010
Convert -1 (base 10) to base 13.
-1
What is -109 (base 11) in base 16?
-82
Convert -35 (base 10) to base 2.
-100011
Convert -45 (base 14) to base 8.
-75
Convert 0 (base 12) to base 10.
0
Convert -6 (base 13) to base 2.
-110
What is -4 (base 12) in base 9?
-4
Convert 9 (base 15) to base 10.
9
What is 153 (base 15) in base 13?
1a4
What is 6 (base 9) in base 3?
20
Convert -17 (base 9) to base 3.
-121
What is 414 (base 6) in base 13?
bb
What is 46 (base 15) in base 13?
51
5 (base 7) to base 2
101
Convert 0 (base 15) to base 14.
0
2 (base 11) to base 4
2
What is 95 (base 16) in base 9?
175
1c (base 16) to base 10
28
What is -27 (base 13) in base 8?
-41
-2 (base 14) to base 7
-2
11110 (base 3) to base 10
120
10 (base 11) to base 4
23
Convert 24 (base 5) to base 4.
32
What is 10 (base 12) in base 11?
11
What is 19 (base 14) in base 12?
1b
Convert -2 (base 10) to base 11.
-2
0 (base 11) to base 2
0
What is 11011 (base 2) in base 7?
36
9 (base 14) to base 9
10
What is 0 (base 4) in base 6?
0
20 (base 7) to base 15
e
What is -123 (base 5) in base 12?
-32
What is 21 (base 13) in base 6?
43
What is -1103 (base 4) in base 6?
-215
What is a (base 15) in base 16?
a
4 (base 14) to base 2
100
What is -10 (base 2) in base 4?
-2
Convert -20 (base 4) to base 15.
-8
Convert 2a7 (base 11) to base 7.
1022
-2 (base 5) to base 